inder when -34*((-51)/(-6) + -9) is divided by y?
8
Let j = 163 + -172. Calculate the remainder when 84/(-378) - (56/j + 0) is divided by 5.
1
Suppose 0 = 3*s - a + 4*a - 18, 2*s + 4*a = -2. What is the remainder when 1328 is divided by s?
2
Let m = -250 + 313. What is the remainder when 118 is divided by m?
55
Suppose 0 = -12*r + 2601 - 693. Let o = r + -147. Calculate the remainder when 23 is divided by o.
11
Suppose -3*o + 9 = -0. Suppose 88 + 73 = -7*a. Let m = o - a. Calculate the remainder when 73 is divided by m.
21
Let j = -5536 - -5754. What is the remainder when 513 is divided by j?
77
Let m(p) = 4*p**2 - 9. Let v be m(6). Suppose -v*d = -128*d - 119. What is the remainder when d is divided by 4?
1
Calculate the remainder when 113 is divided by 82668/830 - (3/(-5))/(-1).
14
Let j = -489 + 492. Suppose 30*y = 33*y - 114. What is the remainder when y is divided by j?
2
Let g(z) = -1765*z + 15887. What is the remainder when 5321 is divided by g(9)?
1
Let r(h) = -h**3 + 19*h**2 - 32*h - 4. Let g be r(19). What is the remainder when 1019 is divided by g/2*(-1)/3?
101
Let n be ((-3)/(-9))/(-1) + (-8)/3. Let u(y) = -2*y**3 - 3*y**2 + 3*y + 2. Let r = -190 - -307. What is the remainder when r is divided by u(n)?
17
Suppose 93*c = 82*c + 3058. What is the remainder when c is divided by 87?
17
Calculate the remainder when -99*((-1936)/72)/22 is divided by 30.
1
Let f = -244 + 356. Suppose -49*z = -51*z + f. Calculate the remainder when z is divided by 29.
27
Let g(i) = i**3 + 29*i**2 + 23*i + 13. Let r be g(-6). Let o = 717 - r. What is the remainder when 194 is divided by o?
12
Let w = -39 - -110. Suppose -v - 28 = -d - 0*d, 0 = 2*d + v - w. Calculate the remainder when (3/(-6))/((-9)/2358) is divided by d.
32
Suppose -8*n = -16*n. Suppose n = -d + 31 + 4. Calculate the remainder when 171 is divided by d.
31
Let n(r) = -19*r**2 - 33*r - 41. Let t(v) = 11*v**2 + 16*v + 20. Let y(h) = -4*n(h) - 7*t(h). Calculate the remainder when y(19) is divided by 38.
5
Suppose 4*j = -6*x + 758, -2*j + 125 = -9*x + 10*x. Calculate the remainder when x is divided by 24.
7
Suppose -4*v - 3*z + 3 = -28, 2*v - 23 = -3*z. Suppose v*q = -0*q + 36. Let m = 20504 + -20502. What is the remainder when q is divided by m?
1
Suppose 6*b + f - 73 = 3*b, 5*f = -4*b + 90. Let j(m) = 2*m**3 + 27*m**2 + 62*m - 7. What is the remainder when j(-10) is divided by b?
23
Let s = -1135 + 1139. What is the remainder when 97 is divided by s?
1
Suppose 4*a - 27515 = -11*d + 6*d, 4*d + 4*a - 22008 = 0. What is the remainder when d is divided by 153?
152
Let a = 14752 + -14743. Let k(o) = -20*o - 8. What is the remainder when k(-11) is divided by a?
5
Let h = 41056 + -34058. Calculate the remainder when h is divided by 43.
32
Let v be ((-48)/(-10))/(6/20). Suppose v*k + 429 = 27*k. Calculate the remainder when 149 is divided by k.
32
Let h be -24 - (-18)/6*6/(-9). Let s = -23 - h. Suppose s*n + t - 42 = 0, 0 = n - t - 18. Calculate the remainder when 40 is divided by n.
10
Suppose -11*l + 7*l + 3*y - 12 = 0, 0 = -4*l - 5*y + 20. Suppose 3*o - 39 = -2*s + 100, -2*o + 3*s + 97 = l. What is the remainder when o is divided by 39?
8
Suppose 7*i - 5*i = 8, -200 = -2*x + 3*i. Suppose -53*b - v - 57 = -54*b, 0 = -2*b - 4*v + 108. What is the remainder when x is divided by b?
50
Let j = -285 + 340. Let m = 62 + -42. Suppose -2*o - 4*a + 6*a = -48, 4*a = -m. Calculate the remainder when j is divided by o.
17
Let u(a) = 4*a**3 + 4*a**2 + 2*a - 10. Let i(j) = 12*j - 82. Let y be i(7). Calculate the remainder when u(y) is divided by -1 - 1*(-20 - -2).
8
Let n be ((-1)/(-2))/(4/192). Suppose -282 = 7*s - 324. Suppose -4*x - n = -s*x. Calculate the remainder when 44 is divided by x.
8
Let u = -33 - -42. Suppose -2*q = -3*x + 86, 2*x - 11*q = -u*q + 60. What is the remainder when 48 is divided by x?
22
Let d(p) = p**2 + 5*p - 28. Let n be d(11). Suppose -566 = -19*q - n. Calculate the remainder when 56 is divided by q.
12
Calculate the remainder when (-14145)/(-4) - (-32 - 2000/(-64)) is divided by 29.
28
Let p(s) = 2*s**3 - 92*s**2 + 93*s + 1. What is the remainder when 529 is divided by p(45)?
121
Let k be (-2 - 1) + 79 - (-6 + 2). Let v = k + -78. Suppose v*q = 4*q - 180. Calculate the remainder when q is divided by 31.
28
Let r = 5989 + -5925. What is the remainder when 220 is divided by r?
28
Let b(j) = 6*j + 311. Let p be b(0). Let s = p + -92. What is the remainder when s is divided by 56?
51
Let s(v) = 21*v**2 - 91*v + 615. What is the remainder when s(7) is divided by 333?
8
Calculate the remainder when 477 is divided by 1/3 - (-10862)/48 - 6/(-16).
23
Suppose -6*x - 8 = -2*x. Calculate the remainder when 101 is divided by x/(-9 - 1) + (-5032)/(-340).
11
Suppose 3*k - l + 3*l - 87 = 0, 0 = 3*k - 5*l - 108. Suppose -3*a - 275 = -5*s, -282*a + 166 = 3*s - 284*a. Calculate the remainder when s is divided by k.
21
Let v = -5553 - -5596. Suppose 2*l = 269 - 27. What is the remainder when l is divided by v?
35
What is the remainder when 834/7*(-182)/(-234)*(-30)/(-4) is divided by 236?
223
Let w be 4*8/(-40) + 2338/10. Let f = -206 + w. Calculate the remainder when (-51)/(1 + (1 - 3)) is divided by f.
24
Let v be (-118)/6 - 1/3. Let z(d) = d**3 + 20*d**2 - 9*d - 19. Let g be z(v). Suppose 633 = 4*q + g. Calculate the remainder when q is divided by 8.
6
Suppose 2*k + 146 = 2*v + 4*k, -v + k + 75 = 0. Calculate the remainder when 1034 is divided by v.
72
Suppose -1766 = -6*p + 2*w, 21 = 5*w + 26. Calculate the remainder when 588 is divided by p.
0
Suppose -4*u + 313 = -3*i + 1026, -2*i - 4*u + 482 = 0. Let s(d) = 16*d**2 + d - 1. What is the remainder when i is divided by s(-2)?
56
Let o(m) = 7*m**2 - 21*m - 22. Calculate the remainder when 54 is divided by o(5).
6
Suppose 4*o - 323 = s, 26 + 223 = 3*o - 3*s. Suppose -28*m + o = -26*m + 2*n, -2*m + 2*n = -100. What is the remainder when 314 is divided by m?
44
Suppose -10 = 25*o - 27*o. Let g(k) = k**3 + k**2 - 11*k - 4. What is the remainder when g(o) is divided by 33?
25
Suppose 30*l = -23 + 143. Suppose -4*t + 196 = -3*t. Calculate the remainder when t is divided by l.
0
What is the remainder when 1142 is divided by (266 + -8 + 3)*16/48?
11
Let g be -3 - (-7 + (0 - -4)). Suppose 15*i - 14*i + 53 = g. Let d = -19 - i. Calculate the remainder when d is divided by 9.
7
Suppose -20*n + 1699 = -2501. Calculate the remainder when n is divided by 33.
12
Let o = -580 + 842. Suppose -32*t = -3*b - 37*t + 127, 0 = 4*b - 5*t - 181. Calculate the remainder when o is divided by b.
42
Let m(p) = 140*p + 736. Let x(y) = y**3 - 14*y**2 + 6*y + 8. Calculate the remainder when x(14) is divided by m(-5).
20
Let f = -606 + 842. Calculate the remainder when f is divided by 60.
56
Let k(t) = -66*t + 123. What is the remainder when k(-10) is divided by 257?
12
Let r(b) = b**2 - 11*b + 48. Let d be r(6). Suppose 21 = -d*c + 165. What is the remainder when 77 is divided by c?
5
Suppose -1 = 3*w + 2*t - 12, -4*w + t = -11. Suppose -w*f = f - 5*k - 48, 4*k - 12 = -4*f. Calculate the remainder when 26 is divided by f.
5
Suppose t - 1 + 15 = 0. Suppose 3*m - 3*c - 37 - 59 = 0, -5*m = -3*c - 170. Calculate the remainder when m is divided by t/35*5 + (13 - 0).
4
Suppose -3*m + 3595 + 906 = l, 2*m = -5*l + 2992. What is the remainder when m is divided by 188?
185
Suppose 43*h - 9*h = -41*h + 277050. What is the remainder when h is divided by 24?
22
Suppose 0 = 2*p + 3*g - 576, -78*p + 580 = -76*p + 4*g. What is the remainder when 557 is divided by p?
275
What is the remainder when 151 is divided by (-1)/((90/(-165))/6)?
8
Suppose -7*c + 38 = a, -45*a + 49*a - 200 = -4*c. What is the remainder when 3219 is divided by a?
47
Let p(x) = -4*x**3 - 122*x**2 - 62*x + 12. Suppose -u = 4*u - 125. What is the remainder when p(-30) is divided by u?
22
Let j = 2 + 2. Let u(m) = -1690*m + 229883. Calculate the remainder when u(136) is divided by j.
3
Calculate the remainder when 869 is divided by (-5 - -4) + 748/36 - 2/(-9).
9
Suppose 19*u + 27 - 223 = 298. Calculate the remainder when 338 is divided by u.
0
Let j = -265 - -260. Let r(b) = 16*b + 95. Calculate the remainder when 43 is divided by r(j).
13
Let d(u) be the second derivative of u**4/4 - 73*u**3/6 + 11*u**2/2 - 4*u. What is t